alse
Is 74173464839 composite?
False
Is 120512657 a prime number?
True
Is 15854006767 composite?
True
Is 8584826257 a composite number?
True
Is 44837011 a prime number?
True
Is 3644623483 composite?
False
Is 31887939554 a composite number?
True
Is 72451367 a prime number?
False
Is 1692899041 a prime number?
False
Is 37357918777 composite?
False
Is 2597490191 composite?
False
Is 15440354483 composite?
True
Is 9943482343 prime?
True
Is 392916379 prime?
True
Is 23041853201 prime?
False
Is 1288206047 prime?
False
Is 5529065186 composite?
True
Is 29370960829 a composite number?
True
Is 1227315559 a composite number?
True
Is 2729180873 composite?
True
Is 2518996429 composite?
True
Is 49031423041 a prime number?
False
Is 754507363 composite?
False
Is 3673779601 a prime number?
True
Is 8856556717 a composite number?
False
Is 75680054251 prime?
True
Is 1172850251 prime?
False
Is 68249189719 composite?
False
Is 3442376849 a composite number?
False
Is 7974210493 a prime number?
False
Is 2124408085 a composite number?
True
Is 469099417 composite?
True
Is 26557010531 a composite number?
False
Is 268448374 prime?
False
Is 37437005257 composite?
True
Is 2319043481 prime?
True
Is 47304821 a composite number?
True
Is 1584450389 prime?
False
Is 31395531823 a prime number?
False
Is 11544049463 a composite number?
False
Is 4953804389 prime?
False
Is 493635697 composite?
True
Is 12550496951 composite?
True
Is 100834787 composite?
True
Is 57253152683 composite?
True
Is 3393339253 composite?
False
Is 1224592951 composite?
False
Is 4083525597 a composite number?
True
Is 6002017709 composite?
True
Is 594823373 a composite number?
False
Is 41066119 a prime number?
False
Is 2605373009 prime?
False
Is 800300659 a composite number?
True
Is 1003205141 prime?
True
Is 6307042099 a prime number?
True
Is 5157334151 composite?
False
Is 597213037 a prime number?
False
Is 107061700321 composite?
False
Is 3532811369 composite?
False
Is 45682987283 a composite number?
False
Is 4755063923 a composite number?
False
Is 262769189 prime?
True
Is 376507847 composite?
False
Is 24587635907 prime?
False
Is 77800647281 a prime number?
False
Is 2172839393 a prime number?
False
Is 39968586809 prime?
False
Is 2462751373 a composite number?
True
Is 70657487 composite?
True
Is 17252157197 a prime number?
False
Is 1713372719 composite?
False
Is 2457795833 composite?
True
Is 72547703299 a composite number?
True
Is 13718455027 composite?
False
Is 40412237 a prime number?
False
Is 6069611891 a composite number?
True
Is 2366057689 a composite number?
True
Is 1257009023 a composite number?
False
Is 1763399879 prime?
True
Is 5726252539 a composite number?
True
Is 78795989 a composite number?
False
Is 55557499 composite?
False
Is 8328936761 a composite number?
False
Is 24386773118 a composite number?
True
Is 118883791227 composite?
True
Is 16470473287 composite?
True
Is 2531191877 a composite number?
False
Is 1316443565 composite?
True
Is 3238414345 prime?
False
Is 11421263027 a prime number?
True
Is 11937410711 a prime number?
False
Is 1949220683 composite?
False
Is 15844949033 composite?
False
Is 89137879 prime?
True
Is 78508569101 composite?
False
Is 16725555137 a prime number?
False
Is 8847200899 a composite number?
True
Is 257575561 a prime number?
True
Is 3383046561 composite?
True
Is 3653586103 composite?
False
Is 48304939409 a composite number?
False
Is 86844158851 a prime number?
True
Is 3304691327 prime?
False
Is 3055018273 composite?
False
Is 11534934617 a composite number?
False
Is 82040177 composite?
False
Is 910507687 a prime number?
False
Is 44986824853 prime?
True
Is 60568279297 prime?
True
Is 849552827 composite?
False
Is 1634541953 composite?
True
Is 3973440659 a prime number?
True
Is 284554371 prime?
False
Is 546355471 composite?
False
Is 122531873263 a prime number?
False
Is 532914841 composite?
True
Is 4714688987 a composite number?
False
Is 210682973 a prime number?
True
Is 453531161 a prime number?
True
Is 638831021 a composite number?
False
Is 201929851 composite?
False
Is 562372999 composite?
False
Is 46514002241 composite?
True
Is 101666365079 prime?
True
Is 46130693603 a composite number?
False
Is 296773957 a prime number?
True
Is 2464242094 a composite number?
True
Is 349340737 a composite number?
False
Is 275698607 a prime number?
False
Is 3412481467 a prime number?
False
Is 140442023621 a prime number?
True
Is 3567838247 a prime number?
True
Is 665717929 composite?
False
Is 2285635739 prime?
True
Is 327562783411 a prime number?
True
Is 15229708163 prime?
True
Is 12259755733 a prime number?
False
Is 16013323763 a prime number?
False
Is 13385517133 composite?
True
Is 22770926473 composite?
True
Is 85343701966 a composite number?
True
Is 89771578801 a prime number?
True
Is 6143404363 a composite number?
False
Is 45628470827 a composite number?
False
Is 426063067 composite?
True
Is 3463390603 a prime number?
False
Is 717728953 composite?
True
Is 4657566013 a prime number?
True
Is 598191984017 a composite number?
False
Is 2215548935 prime?
False
Is 22057481 a composite number?
False
Is 16020863149 prime?
True
Is 4666372217 composite?
True
Is 2073784133 a composite number?
True
Is 665544689 a prime number?
False
Is 15901478 composite?
True
Is 12973684483 composite?
True
Is 5227068367 composite?
False
Is 3147673921 a composite number?
True
Is 9836620327 prime?
True
Is 16546202327 a composite number?
False
Is 40046732291 composite?
False
Is 11940948521 a composite number?
False
Is 821303551 prime?
True
Is 118577328929 prime?
False
Is 2815980841 a composite number?
False
Is 3254583353 composite?
True
Is 38536489 a composite number?
True
Is 2714591183 a composite number?
False
Is 2195001863 a composite number?
False
Is 25008271 a prime number?
False
Is 353336561561 a prime number?
True
Is 359750729 composite?
True
Is 1060834939 prime?
True
Is 14716979117 prime?
True
Is 1391930459 composite?
False
Is 291532453 a prime number?
False
Is 13979163791 composite?
True
Is 463953709 a prime number?
True
Is 153254831 composite?
False
Is 757110749 a composite number?
True
Is 37855979299 prime?
True
Is 13624913831 a prime number?
True
Is 68809844813 a prime number?
False
Is 3139672873 a composite number?
False
Is 1382320021 a prime number?
False
Is 199953504757 prime?
False
Is 24405100543 a composite number?
True
Is 2228554043 composite?
False
Is 1144653527 a composite number?
True
Is 47509955 a prime number?
False
Is 33981220649 a prime number?
True
Is 42075139223 a prime number?
False
Is 39061315729 prime?
False
Is 1090459093 prime?
True
Is 172914533 a prime number?
False
Is 27586863131 prime?
False
Is 3804623687 composite?
False
Is 15606949159 composite?
True
Is 129442707367 prime?
False
Is 6468557573 composite?
False
Is 2622427601 a prime number?
False
Is 45832248853 prime?
True
Is 76781569 a composite number?
False
Is 7423271677 composite?
False
Is 1285509161 composite?
False
Is 261182578 a prime number?
False
Is 62784550429 a composite number?
False
Is 25347841501 composite?
False
Is 46383891343 a composite number?
True
Is 611135657 composite?
True
Is 468301259 composite?
False
Is 180497641 a prime number?
True
Is 84262021 a prime number?
False
Is 202931713 a prime number?
True
Is 4577283719 composite?
False
Is 102284051183 composite?
True
Is 3900945649 composite?
True
Is 4656178355 a prime number?
False
Is 374677243 a prime number?
True
Is 277981439 a composite number?
True
Is 24926673599 prime?
False
Is 5235221785 composite?
True
Is 6179901397 composite?
False
Is 44314649891 a prime number?
False
Is 2023332559 composite?
True
Is 9159335429 prime?
False
Is 5194503059 a prime number?
False
Is 13841878523 composite?
True
Is 3671875313 composite?
True
Is 10378715377 composite?
True
Is 139407467 a composite number?
True
Is 3027090347 a prime number?
True
Is 50379392417 a composite number?
False
Is 10024750033 a prime number?
True
Is 1503284759 prime?
False
Is 79873631065 a prime number?
False
Is 272906461565 prime?
False
Is 1060830989 prime?
True
Is 7760713819 a prime number?
False
Is 503560157 composite?
True
Is 1668324509 prime?
False
Is 1549891067 prime?
True
Is 4533635737 prime?
True
Is 618422633 composite?
False
Is 770398199 a prime number?
False
Is 135452659 a prime number?
True
Is 